{"id":1078,"date":"2017-02-16T20:06:26","date_gmt":"2017-02-16T20:06:26","guid":{"rendered":"http:\/\/peanutspeanuts.de\/?page_id=1078"},"modified":"2022-10-24T21:27:56","modified_gmt":"2022-10-24T19:27:56","slug":"impressum","status":"publish","type":"page","link":"https:\/\/peanutspeanuts.de\/?page_id=1078","title":{"rendered":"Impressum"},"content":{"rendered":"<blockquote><p>Herzlich willkommen!<br \/>\nIch freue mich, dass Du meine Webseiten besuchst und bedanke mich f\u00fcr Dein Interesse an meinem Blog und meinem Shop. Der Schutz Deiner Privatsph\u00e4re bei der Nutzung meiner Webseiten ist mir wichtig. Daher nimm Dir bitte nachstehende Informationen zur Kenntnis:<\/p><\/blockquote>\n<p><strong>Angaben gem\u00e4\u00df \u00a7 5 TMG:<\/strong><\/p>\n<p>Peanuts Peanuts &#8211; Heidi Lilienthal<\/p>\n<p><strong>Postanschrift:<\/strong><br \/>\nRathausweg 40a<br \/>\n49661 Cloppenburg<\/p>\n<p><strong>Kontakt:<\/strong><\/p>\n<p>Telefon: +49 (40) 46966592<br \/>\nE-Mail: info -at- peanutspeanuts -dot- de.<\/p>\n<p><strong>Vertreten durch:<\/strong><\/p>\n<p>Heidi Lilienthal<\/p>\n<p><strong>Urheberrechtliche Hinweise<\/strong><\/p>\n<p>Sofern nicht anders angegeben, sind alle Fotos von Heidi Lilienthal<\/p>\n<p><strong>Verantwortlich f\u00fcr journalistisch-redaktionelle Inhalte ist:<\/strong><\/p>\n<p>Sofern nicht anders angegeben, ist Heidi Lilienthal f\u00fcr die Journalistisch-redaktionellen Inhalte des Blogbereichs verantwortlich.<\/p>\n<p>HAFTUNGSHINWEIS:<\/p>\n<p>Trotz sorgf\u00e4ltiger inhaltlicher Kontrolle \u00fcbernehmen wir keine Haftung f\u00fcr die Inhalte externer Links. F\u00fcr den Inhalt der verlinkten Seiten sind au\u00dfchlie\u00dflich deren Betreiber verantwortlich. Wir erkl\u00e4ren, dass im Zeitpunkt der Linksetzung keine rechtswidrigen Informationen auf den verlinkten Seiten bestanden. Jedoch sind \u00c4nderungen der Inhalte der verlinkten Seiten jederzeit m\u00f6glich, die au\u00dferhalb unseres Verantwortungs- und Einflussbereichs liegen. Daher machen wir uns die Inhalte der verlinkten Seiten ausdr\u00fccklich nicht zueigen, sondern distanzieren uns von diesen.<\/p>\n<p>Des Weiteren \u00fcbernehmen wir keine Haftung oder Garantie f\u00fcr die Vollst\u00e4ndigkeit, Richtigkeit und Aktualit\u00e4t der Angaben auf dieser Website. Wir haften nicht f\u00fcr Sch\u00e4den, die aus der Benutzung der Informationen, die auf unserer Website ver\u00f6ffentlicht wurden, entstehen k\u00f6nnten, es sei denn, dass uns Vorsatz oder grobe Fahrl\u00e4ssigkeit zu Last f\u00e4llt.<br \/>\nHOSTING<\/p>\n<p>Diese Webseite nutzt das Webhosting und den Service von\u00a0<span class=\"skimlinks-unlinked\">strato.de<\/span>. Peanutspeanuts<span class=\"skimlinks-unlinked\">.de<\/span>\u00a0wird von WordPress angetrieben.<\/p>\n<p><em>Das Impressum wurde mit Unterst\u00fctzung der activeMind AG\u00a0erstellt.<\/em><\/p>\n<p>Nimm Dir bitte auch die Zeit, die <a href=\"https:\/\/peanutspeanuts.de\/wp-content\/uploads\/2020\/06\/demo-img.jpg\">Datenschutzhinweise<\/a> zu lesen.<\/p>\n","protected":false},"excerpt":{"rendered":"<p>Herzlich willkommen! Ich freue mich, dass Du meine Webseiten besuchst und bedanke mich f\u00fcr Dein Interesse an meinem Blog und meinem Shop. [&hellip;]<\/p>\n","protected":false},"author":1,"featured_media":0,"parent":0,"menu_order":0,"comment_status":"closed","ping_status":"closed","template":"","meta":{"footnotes":""},"post_mailing_queue_ids":[],"_links":{"self":[{"href":"https:\/\/peanutspeanuts.de\/index.php?rest_route=\/wp\/v2\/pages\/1078"}],"collection":[{"href":"https:\/\/peanutspeanuts.de\/index.php?rest_route=\/wp\/v2\/pages"}],"about":[{"href":"https:\/\/peanutspeanuts.de\/index.php?rest_route=\/wp\/v2\/types\/page"}],"author":[{"embeddable":true,"href":"https:\/\/peanutspeanuts.de\/index.php?rest_route=\/wp\/v2\/users\/1"}],"replies":[{"embeddable":true,"href":"https:\/\/peanutspeanuts.de\/index.php?rest_route=%2Fwp%2Fv2%2Fcomments&post=1078"}],"version-history":[{"count":8,"href":"https:\/\/peanutspeanuts.de\/index.php?rest_route=\/wp\/v2\/pages\/1078\/revisions"}],"predecessor-version":[{"id":5658,"href":"https:\/\/peanutspeanuts.de\/index.php?rest_route=\/wp\/v2\/pages\/1078\/revisions\/5658"}],"wp:attachment":[{"href":"https:\/\/peanutspeanuts.de\/index.php?rest_route=%2Fwp%2Fv2%2Fmedia&parent=1078"}],"curies":[{"name":"wp","href":"https:\/\/api.w.org\/{rel}","templated":true}]}}