{"id":1454,"date":"2017-05-01T20:01:58","date_gmt":"2017-05-01T18:01:58","guid":{"rendered":"http:\/\/peanutspeanuts.de\/?post_type=product&#038;p=1454"},"modified":"2022-04-24T12:46:14","modified_gmt":"2022-04-24T10:46:14","slug":"stempelset-stempel-gut-alles-gut","status":"publish","type":"product","link":"https:\/\/peanutspeanuts.de\/?product=stempelset-stempel-gut-alles-gut","title":{"rendered":"Stempelset &#8220;Stempel gut &#8211; alles gut&#8221;"},"content":{"rendered":"<p dir=\"ltr\" style=\"padding-left: 30px;\"><strong>&#8220;Stempel gut &#8211; alles gut&#8221;\u00a0ist ein A6 &#8220;Clear Stamp Set&#8221;.<\/strong><\/p>\n<hr \/>\n<p dir=\"ltr\" style=\"text-align: left;\"><em><span style=\"color: #000000;\">Dieses Set ist die Erweiterung Eures Lieblingsstempelsets &#8220;Den passenden Stempel? &#8211; Habe ich!&#8221;<\/span><\/em><\/p>\n<p dir=\"ltr\" style=\"text-align: left;\"><em><span style=\"color: #000000;\">Ich freue mich, dass ich viele Eurer Stempelw\u00fcnsche in diesem Set aufnehmen konnte.<\/span><\/em><\/p>\n<hr \/>\n<p dir=\"ltr\" style=\"text-align: left;\">Es beinhaltet 14 individuelle Stempel (4 Icons und 10 W\u00f6rter bzw. Phrasen) und erlaubt Dir die unterschiedlichsten Einsatzm\u00f6glichkeiten.<\/p>\n<p dir=\"ltr\" style=\"text-align: left;\">F\u00fcr die Auswahl der Stempelgr\u00f6\u00dfen haben wir unterschiedliche Lehrerkalender sowohl in der Gr\u00f6\u00dfe A4 als auch A5 als Grundlage genutzt.\u00a0Als Referenzgr\u00f6\u00dfe f\u00fcr Dich zum Ausmessen in Deinem pers\u00f6nlichen Kalender: Die Phrase &#8220;BITTE KONTROLLIEREN&#8221; ist ca. 41\u00a0x 5 mm und die Uhr hat einen Durchmesser von ca. 22 mm.<\/p>\n<p dir=\"ltr\" style=\"text-align: left;\">Wie bei allen unseren Clear Stamp Sets achten wir auf die hohe Qualit\u00e4t. Aus diesem Grund sind unsere Stempel ausschlie\u00dflich aus hochwertigem Photopolymer in England gefertigt. Dieses kennzeichnet sich &#8211; im Gegensatz zu minderwertigen Silikonstempel &#8211; durch eine hohe Lichtbest\u00e4ndigkeit (keine Verf\u00e4rbung), scharfe Stempelqualit\u00e4t ohne Ausfransungen, gute Klebeeigenschaften \u00a0am Acrylblock und eine hervorragende Haltbarkeit aus.<\/p>\n<p style=\"text-align: left;\"><strong>Mit diesem Stempelset kannst Du&#8230;.<\/strong><\/p>\n<ul style=\"text-align: left;\">\n<li>in die Lernplaner, Hefte, Postmappen, Elternbriefe Deiner Sch\u00fclerinnen und Sch\u00fcler und deren Eltern die passenden Stempel setzen.<\/li>\n<li>die unterschiedlichen Stempel dieses Sets je nach Situation miteinander kombinieren.<\/li>\n<li>mit Icons die W\u00f6rter zu den unterschiedlichsten Situationen hervorheben oder als Alternative oder einfach zur Versch\u00f6nerung nutzen.<\/li>\n<li>Gutscheine leicht und spontan erstellen.<\/li>\n<li>schnell die Eltern \u00fcber fehlende Arbeitsmaterialien informieren.<\/li>\n<li>Dir Arbeit ersparen, indem Du stempelst und nicht schreiben musst.<\/li>\n<li>Deine Kommentare und Nachrichten farblich akzentuieren, indem Du farbige Stempelkissen gezielt einsetzt (h\u00f6here Flexibilit\u00e4t als bei Stickern oder selbstf\u00e4rbenden Stempeln).<\/li>\n<li>beliebig oft Deine Kommentare und Nachrichten an Deine Sch\u00fclerinnen und Sch\u00fcler und deren Eltern \u00fcbermitteln.<\/li>\n<li>mit den anderen Stempelsets von Peanut\u00b4s Peanuts\u00a0kombinieren.<\/li>\n<li>und nat\u00fcrlich Deine Stempelliebe befriedigen \ud83d\ude42<\/li>\n<\/ul>\n<p style=\"text-align: left;\">Die M\u00f6glichkeiten sind unbegrenzt!<\/p>\n<p>F\u00fcr Photopolymer-Stempel ben\u00f6tigst du einen Acrylblock. N\u00e4here Infos dazu findest du in den FAQ und in verschiedenen Blogposts.<\/p>\n<p style=\"text-align: left;\">F\u00fcr Projektideen schau Dich in unserem <a href=\"http:\/\/peanutspeanuts.de\/?page_id=1025\" target=\"_blank\" rel=\"noopener noreferrer\">Blog<\/a> um.<\/p>\n<p style=\"text-align: left;\"><strong>Teile Deine Projekte mit Peanut\u00b4s\u00a0Peanuts Stempel und nutze\u00a0<\/strong><br \/>\n<strong>#peanutspeanuts<\/strong><\/p>\n<p style=\"text-align: left;\">Dieses Stempelset wurde erstmalig im Mai 2017 ver\u00f6ffentlicht.<\/p>\n","protected":false},"excerpt":{"rendered":"<p>&#8220;Stempel gut &#8211; alles gut&#8221; A6 Photopolymer Stempel Set.<\/p>\n","protected":false},"featured_media":1502,"comment_status":"open","ping_status":"closed","template":"","meta":[],"product_cat":[83],"product_tag":[],"post_mailing_queue_ids":[],"_links":{"self":[{"href":"https:\/\/peanutspeanuts.de\/index.php?rest_route=\/wp\/v2\/product\/1454"}],"collection":[{"href":"https:\/\/peanutspeanuts.de\/index.php?rest_route=\/wp\/v2\/product"}],"about":[{"href":"https:\/\/peanutspeanuts.de\/index.php?rest_route=\/wp\/v2\/types\/product"}],"replies":[{"embeddable":true,"href":"https:\/\/peanutspeanuts.de\/index.php?rest_route=%2Fwp%2Fv2%2Fcomments&post=1454"}],"wp:featuredmedia":[{"embeddable":true,"href":"https:\/\/peanutspeanuts.de\/index.php?rest_route=\/wp\/v2\/media\/1502"}],"wp:attachment":[{"href":"https:\/\/peanutspeanuts.de\/index.php?rest_route=%2Fwp%2Fv2%2Fmedia&parent=1454"}],"wp:term":[{"taxonomy":"product_cat","embeddable":true,"href":"https:\/\/peanutspeanuts.de\/index.php?rest_route=%2Fwp%2Fv2%2Fproduct_cat&post=1454"},{"taxonomy":"product_tag","embeddable":true,"href":"https:\/\/peanutspeanuts.de\/index.php?rest_route=%2Fwp%2Fv2%2Fproduct_tag&post=1454"}],"curies":[{"name":"wp","href":"https:\/\/api.w.org\/{rel}","templated":true}]}}