{"id":3106,"date":"2020-06-14T21:54:10","date_gmt":"2020-06-14T19:54:10","guid":{"rendered":"https:\/\/peanutspeanuts.de\/?post_type=product&#038;p=3106"},"modified":"2024-07-04T09:07:16","modified_gmt":"2024-07-04T07:07:16","slug":"schoene-sommerferien-grusskaertchen","status":"publish","type":"product","link":"https:\/\/peanutspeanuts.de\/?product=schoene-sommerferien-grusskaertchen","title":{"rendered":"Sch\u00f6ne Sommerferien &#8211; Gru\u00dfk\u00e4rtchen"},"content":{"rendered":"<p>In diesem <strong>digitalen Download<\/strong> erh\u00e4ltst Du 1 PDF mit 6 Gru\u00dfk\u00e4rtchen (1 K\u00e4rtchen hat die Ma\u00dfe 8x8cm bei der Druckereinstellung von 100%) \u00a0f\u00fcr einen tollen Start in die Sommerferien.<\/p>\n<p>Die K\u00e4rtchen kann man wunderbar auf der R\u00fcckseite mit einem pers\u00f6nlichen Gru\u00df individualisieren und so Sch\u00fcler und Kollegen freundlich in die Ferien verabschieden.<\/p>\n<p>Die PDF kann beliebig oft ausgedruckt werden. Die K\u00e4rtchen sind druckerfreundlich mit einem wei\u00dfen Hintergrund versehen und mit einer leicht gr\u00e4ulichen Schneidelinie umrandet.<\/p>\n<p>Alle Quellenangaben sind im Dokument enthalten.<\/p>\n<p>&nbsp;<\/p>\n<p><i>Alle digitalen\/downloadbaren Produkte sind nur f\u00fcr den privaten, eigenen Gebrauch bestimmt. Sie d\u00fcrfen nicht weiterverkauft oder f\u00fcr kommerzielle\u00a0Zwecke genutzt werden! Sie sind von Umtausch und von der R\u00fcckgabe ausgeschlossen. Auch d\u00fcrfen sie nicht ver\u00e4ndert werden. Eine Vervielf\u00e4ltigung kann zum privaten Gebrauch erstellt werden. Die Sticker sind ausschlie\u00dflich f\u00fcr die private Nutzung\u00a0innerhalb des Planers zu verwenden. Bei Ver\u00f6ffentlichungen (z.B. in den Sozialen Netzwerken) muss zwingend der Verweis zu Peanut&#8217;s Peanuts angegeben werden.<\/i><\/p>\n","protected":false},"excerpt":{"rendered":"<p>In diesem digitalen Download erh\u00e4ltst Du 1 PDF mit 6 Gru\u00dfk\u00e4rtchen (1 K\u00e4rtchen hat die Ma\u00dfe 8x8cm bei der Druckereinstellung von 100%) [&hellip;]<\/p>\n","protected":false},"featured_media":3109,"comment_status":"open","ping_status":"closed","template":"","meta":[],"product_cat":[240],"product_tag":[166,170],"post_mailing_queue_ids":[],"_links":{"self":[{"href":"https:\/\/peanutspeanuts.de\/index.php?rest_route=\/wp\/v2\/product\/3106"}],"collection":[{"href":"https:\/\/peanutspeanuts.de\/index.php?rest_route=\/wp\/v2\/product"}],"about":[{"href":"https:\/\/peanutspeanuts.de\/index.php?rest_route=\/wp\/v2\/types\/product"}],"replies":[{"embeddable":true,"href":"https:\/\/peanutspeanuts.de\/index.php?rest_route=%2Fwp%2Fv2%2Fcomments&post=3106"}],"wp:featuredmedia":[{"embeddable":true,"href":"https:\/\/peanutspeanuts.de\/index.php?rest_route=\/wp\/v2\/media\/3109"}],"wp:attachment":[{"href":"https:\/\/peanutspeanuts.de\/index.php?rest_route=%2Fwp%2Fv2%2Fmedia&parent=3106"}],"wp:term":[{"taxonomy":"product_cat","embeddable":true,"href":"https:\/\/peanutspeanuts.de\/index.php?rest_route=%2Fwp%2Fv2%2Fproduct_cat&post=3106"},{"taxonomy":"product_tag","embeddable":true,"href":"https:\/\/peanutspeanuts.de\/index.php?rest_route=%2Fwp%2Fv2%2Fproduct_tag&post=3106"}],"curies":[{"name":"wp","href":"https:\/\/api.w.org\/{rel}","templated":true}]}}