{"id":4041,"date":"2021-04-29T17:40:10","date_gmt":"2021-04-29T15:40:10","guid":{"rendered":"https:\/\/peanutspeanuts.de\/?post_type=product&#038;p=4041"},"modified":"2022-02-11T18:02:02","modified_gmt":"2022-02-11T17:02:02","slug":"hausaufgabenheft-fuer-den-wechselunterricht","status":"publish","type":"product","link":"https:\/\/peanutspeanuts.de\/?product=hausaufgabenheft-fuer-den-wechselunterricht","title":{"rendered":"Hausaufgabenheft f\u00fcr den Wechselunterricht"},"content":{"rendered":"<p>Dies ist ein kleines Hausaufgabenheft f\u00fcr den Wechselunterricht in dieser Corona-Zeit. Es ist bewusst schlicht gehalten und eignet sich f\u00fcr folgendes Wechselmodell:<\/p>\n<p>Woche 1: A, B, A, B, A<\/p>\n<p>Woche 2: B, A, B, A, B (s. Produktbilder)<\/p>\n<p>Das Heft hat 22 Seiten plus Deckblatt und ist geschnitten Din A5 gro\u00df. Die Datei ist in Din A4 konzipiert, bei der jeweils 2 A5 Heftseiten auf einer Seite sind (s. Produktbilder).<\/p>\n<p>Die Seiten mit den Wochentagen Dienstag und Donnerstag haben teils unterschiedliche kleine Bilder (s. die Auswahl der Produktbilder).<\/p>\n<p>&nbsp;<\/p>\n<p>Dieser <strong>digitale Download<\/strong> enth\u00e4lt 1 PDF f\u00fcr das Hausaufgabenheft f\u00fcr den Wechselunterricht in der Grundschule (s. Bilder).<\/p>\n<p>Dieses Dokument stelle ich dir hier als digitalen Download zur Verf\u00fcgung.<\/p>\n<p>&nbsp;<\/p>\n<p>Dateiformat: \u00a01 PDF<\/p>\n<p>&nbsp;<\/p>\n<p>Alle Cliparts &amp; Fonts: Peanut&#8217;s Peanuts<\/p>\n<p>&nbsp;<\/p>\n<p><i>Alle digitalen\/downloadbaren Produkte sind nur f\u00fcr den privaten, eigenen Gebrauch bestimmt. Sie d\u00fcrfen nicht weiterverkauft oder f\u00fcr kommerzielle\u00a0Zwecke genutzt werden! Sie sind von Umtausch und von der R\u00fcckgabe ausgeschlossen. Auch d\u00fcrfen sie nicht ver\u00e4ndert werden. Eine Vervielf\u00e4ltigung kann zum privaten Gebrauch erstellt werden. Die Sticker sind ausschlie\u00dflich f\u00fcr die private Nutzung\u00a0innerhalb des Planers zu verwenden. Bei Ver\u00f6ffentlichungen (z.B. in den Sozialen Netzwerken) muss zwingend der Verweis zu Peanut&#8217;s Peanuts angegeben werden.<\/i><\/p>\n","protected":false},"excerpt":{"rendered":"<p>Dies ist ein kleines Hausaufgabenheft f\u00fcr den Wechselunterricht in dieser Corona-Zeit. Es ist bewusst schlicht gehalten und eignet sich f\u00fcr folgendes Wechselmodell: [&hellip;]<\/p>\n","protected":false},"featured_media":4042,"comment_status":"open","ping_status":"closed","template":"","meta":[],"product_cat":[240],"product_tag":[],"post_mailing_queue_ids":[],"_links":{"self":[{"href":"https:\/\/peanutspeanuts.de\/index.php?rest_route=\/wp\/v2\/product\/4041"}],"collection":[{"href":"https:\/\/peanutspeanuts.de\/index.php?rest_route=\/wp\/v2\/product"}],"about":[{"href":"https:\/\/peanutspeanuts.de\/index.php?rest_route=\/wp\/v2\/types\/product"}],"replies":[{"embeddable":true,"href":"https:\/\/peanutspeanuts.de\/index.php?rest_route=%2Fwp%2Fv2%2Fcomments&post=4041"}],"wp:featuredmedia":[{"embeddable":true,"href":"https:\/\/peanutspeanuts.de\/index.php?rest_route=\/wp\/v2\/media\/4042"}],"wp:attachment":[{"href":"https:\/\/peanutspeanuts.de\/index.php?rest_route=%2Fwp%2Fv2%2Fmedia&parent=4041"}],"wp:term":[{"taxonomy":"product_cat","embeddable":true,"href":"https:\/\/peanutspeanuts.de\/index.php?rest_route=%2Fwp%2Fv2%2Fproduct_cat&post=4041"},{"taxonomy":"product_tag","embeddable":true,"href":"https:\/\/peanutspeanuts.de\/index.php?rest_route=%2Fwp%2Fv2%2Fproduct_tag&post=4041"}],"curies":[{"name":"wp","href":"https:\/\/api.w.org\/{rel}","templated":true}]}}