{"id":5177,"date":"2022-06-08T10:55:10","date_gmt":"2022-06-08T08:55:10","guid":{"rendered":"https:\/\/peanutspeanuts.de\/?post_type=product&#038;p=5177"},"modified":"2022-11-13T23:00:59","modified_gmt":"2022-11-13T22:00:59","slug":"englische-klammerkarten-weather","status":"publish","type":"product","link":"https:\/\/peanutspeanuts.de\/?product=englische-klammerkarten-weather","title":{"rendered":"Englische Klammerkarten &#8211; Weather"},"content":{"rendered":"<p style=\"text-align: right;\">Dieser <strong>digitale Download<\/strong> enth\u00e4lt 1 PDF mit drei Klammerkarten zum Themenbereich\u00a0<i>Weather.\u00a0<\/i>Es passt perfekt zum Buch\u00a0<a href=\"https:\/\/www.amazon.de\/April-Weather-Karolina-Marques-Pereira\/dp\/B0B14B2KPC\/ref=sr_1_1?__mk_de_DE=\u00c5M\u00c5\u017d\u00d5\u00d1&amp;crid=2RNBXVU0IS2PT&amp;keywords=april+weather&amp;qid=1654675876&amp;sprefix=april+weather%2Caps%2C70&amp;sr=8-1\"><em>April Weather<\/em><\/a>\u00a0 von Karolina Marques Pereira.<\/p>\n<p>Es sind 3 DinA4 Seiten mit insgesamt drei unterschiedliche Klammerkarten. Einfach ausdrucken, falten und kleben. Anschlie\u00dfend k\u00f6nnen die Karten mit W\u00e4scheklammern oder B\u00fcroklammern bespielt werden. Auf der R\u00fcckseite kann die L\u00f6sung kontrolliert werden.<\/p>\n<p>&nbsp;<\/p>\n<p>W\u00e4scheklammern sind in diesem Produkt nicht enthalten.<\/p>\n<p>Dies ist ein digitaler Download.<\/p>\n<p>Dateiformat: \u00a01 PDF<\/p>\n<p>Alle Quellenangaben sind im Dokument enthalten.<\/p>\n<p>Je nach Drucker k\u00f6nnen die Farben etwas abweichen.<\/p>\n<p>&nbsp;<\/p>\n<p>Alle Materialien passend zum Buch\u00a0<em>April Weather<\/em> gibt es auch g\u00fcnstiger in einem Material-Bundle.<\/p>\n<p>&nbsp;<\/p>\n<p><i>Alle digitalen\/downloadbaren Produkte sind nur f\u00fcr den privaten, eigenen Gebrauch bestimmt. Sie d\u00fcrfen nicht weiterverkauft oder f\u00fcr kommerzielle\u00a0Zwecke genutzt werden! Sie sind von Umtausch und von der R\u00fcckgabe ausgeschlossen. Auch d\u00fcrfen sie nicht ver\u00e4ndert werden. Eine Vervielf\u00e4ltigung kann zum privaten Gebrauch erstellt werden. Die Sticker sind ausschlie\u00dflich f\u00fcr die private Nutzung\u00a0innerhalb des Planers zu verwenden. Bei Ver\u00f6ffentlichungen (z.B. in den Sozialen Netzwerken) muss zwingend der Verweis zu Peanut&#8217;s Peanuts angegeben werden.<\/i><\/p>\n","protected":false},"excerpt":{"rendered":"<p>Dieser digitale Download enth\u00e4lt 1 PDF mit drei Klammerkarten zum Themenbereich\u00a0Weather.\u00a0Es passt perfekt zum Buch\u00a0April Weather\u00a0 von Karolina Marques Pereira. Es sind [&hellip;]<\/p>\n","protected":false},"featured_media":5167,"comment_status":"open","ping_status":"closed","template":"","meta":[],"product_cat":[261],"product_tag":[],"post_mailing_queue_ids":[],"_links":{"self":[{"href":"https:\/\/peanutspeanuts.de\/index.php?rest_route=\/wp\/v2\/product\/5177"}],"collection":[{"href":"https:\/\/peanutspeanuts.de\/index.php?rest_route=\/wp\/v2\/product"}],"about":[{"href":"https:\/\/peanutspeanuts.de\/index.php?rest_route=\/wp\/v2\/types\/product"}],"replies":[{"embeddable":true,"href":"https:\/\/peanutspeanuts.de\/index.php?rest_route=%2Fwp%2Fv2%2Fcomments&post=5177"}],"wp:featuredmedia":[{"embeddable":true,"href":"https:\/\/peanutspeanuts.de\/index.php?rest_route=\/wp\/v2\/media\/5167"}],"wp:attachment":[{"href":"https:\/\/peanutspeanuts.de\/index.php?rest_route=%2Fwp%2Fv2%2Fmedia&parent=5177"}],"wp:term":[{"taxonomy":"product_cat","embeddable":true,"href":"https:\/\/peanutspeanuts.de\/index.php?rest_route=%2Fwp%2Fv2%2Fproduct_cat&post=5177"},{"taxonomy":"product_tag","embeddable":true,"href":"https:\/\/peanutspeanuts.de\/index.php?rest_route=%2Fwp%2Fv2%2Fproduct_tag&post=5177"}],"curies":[{"name":"wp","href":"https:\/\/api.w.org\/{rel}","templated":true}]}}