{"id":5294,"date":"2022-06-29T11:55:06","date_gmt":"2022-06-29T09:55:06","guid":{"rendered":"https:\/\/peanutspeanuts.de\/?post_type=product&#038;p=5294"},"modified":"2024-11-05T00:00:29","modified_gmt":"2024-11-04T23:00:29","slug":"herbstferien-wimpel-als-schreibanlass-nach-den-ferien","status":"publish","type":"product","link":"https:\/\/peanutspeanuts.de\/?product=herbstferien-wimpel-als-schreibanlass-nach-den-ferien","title":{"rendered":"Herbstferien-Wimpel als Schreibanlass nach den Ferien"},"content":{"rendered":"<p>Nach den Herbstferien eignen sich diese Wimpel wunderbar, um noch einmal gemeinsam \u00fcber die vergangene Zeit nachdenken zu k\u00f6nnen.<\/p>\n<p>Einfach gemeinsam mit den Kindern gestalten, ausschneiden und anschlie\u00dfend die Klasse damit dekorieren.<\/p>\n<p>Dieser <strong>digitale Download<\/strong> enth\u00e4lt 1 PDF mit insgesamt 6 verschiedenen Wimpeln \u00a0(2 ohne Lineatur und 4 mit verschiedenen Lineaturen &#8211; s. Bilder).<\/p>\n<p>Format: Din A4 in PDF<\/p>\n<p>&nbsp;<\/p>\n<p>Dies ist ein digitaler Download.<\/p>\n<p>Dateiformat: \u00a01 PDF<\/p>\n<p>Alle Cliparts &amp; Fonts: Peanut&#8217;s Peanuts<\/p>\n<p>Je nach Drucker k\u00f6nnen die Farben etwas abweichen.<\/p>\n<p>&nbsp;<\/p>\n<p><i>Alle digitalen\/downloadbaren Produkte sind nur f\u00fcr den privaten, eigenen Gebrauch bestimmt. Sie d\u00fcrfen nicht weiterverkauft oder f\u00fcr kommerzielle\u00a0Zwecke genutzt werden! Sie sind von Umtausch und von der R\u00fcckgabe ausgeschlossen. Auch d\u00fcrfen sie nicht ver\u00e4ndert werden. Eine Vervielf\u00e4ltigung kann zum privaten Gebrauch erstellt werden. Die Sticker sind ausschlie\u00dflich f\u00fcr die private Nutzung\u00a0innerhalb des Planers zu verwenden. Bei Ver\u00f6ffentlichungen (z.B. in den Sozialen Netzwerken) muss zwingend der Verweis zu Peanut&#8217;s Peanuts angegeben werden.<\/i><\/p>\n","protected":false},"excerpt":{"rendered":"<p>Nach den Herbstferien eignen sich diese Wimpel wunderbar, um noch einmal gemeinsam \u00fcber die vergangene Zeit nachdenken zu k\u00f6nnen. Einfach gemeinsam mit [&hellip;]<\/p>\n","protected":false},"featured_media":5301,"comment_status":"open","ping_status":"closed","template":"","meta":[],"product_cat":[262],"product_tag":[],"post_mailing_queue_ids":[],"_links":{"self":[{"href":"https:\/\/peanutspeanuts.de\/index.php?rest_route=\/wp\/v2\/product\/5294"}],"collection":[{"href":"https:\/\/peanutspeanuts.de\/index.php?rest_route=\/wp\/v2\/product"}],"about":[{"href":"https:\/\/peanutspeanuts.de\/index.php?rest_route=\/wp\/v2\/types\/product"}],"replies":[{"embeddable":true,"href":"https:\/\/peanutspeanuts.de\/index.php?rest_route=%2Fwp%2Fv2%2Fcomments&post=5294"}],"wp:featuredmedia":[{"embeddable":true,"href":"https:\/\/peanutspeanuts.de\/index.php?rest_route=\/wp\/v2\/media\/5301"}],"wp:attachment":[{"href":"https:\/\/peanutspeanuts.de\/index.php?rest_route=%2Fwp%2Fv2%2Fmedia&parent=5294"}],"wp:term":[{"taxonomy":"product_cat","embeddable":true,"href":"https:\/\/peanutspeanuts.de\/index.php?rest_route=%2Fwp%2Fv2%2Fproduct_cat&post=5294"},{"taxonomy":"product_tag","embeddable":true,"href":"https:\/\/peanutspeanuts.de\/index.php?rest_route=%2Fwp%2Fv2%2Fproduct_tag&post=5294"}],"curies":[{"name":"wp","href":"https:\/\/api.w.org\/{rel}","templated":true}]}}