{"id":5528,"date":"2022-08-29T15:37:36","date_gmt":"2022-08-29T13:37:36","guid":{"rendered":"https:\/\/peanutspeanuts.de\/?post_type=product&#038;p=5528"},"modified":"2023-08-16T01:00:21","modified_gmt":"2023-08-15T23:00:21","slug":"wir-sind-friedlich-freundlich-und-fair-poster","status":"publish","type":"product","link":"https:\/\/peanutspeanuts.de\/?product=wir-sind-friedlich-freundlich-und-fair-poster","title":{"rendered":"Wir sind friedlich, freundlich und fair! &#8211; Poster"},"content":{"rendered":"<p>Poster-Set mit dem Klassenmotto &#8220;Wir sind friedlich, freundlich und fair.&#8221;<\/p>\n<p>Das Poster kommt \u00a0in Din A4 mit dem Schriftzug &#8220;Wir sind friedlich, freundlich und fair.&#8221; Es ist mit 4 verschiedenen Rahmen und in 2 verschiedenen Fonts in dem Download enthalten (s. Bilder).<\/p>\n<p>Tipps:<\/p>\n<ul>\n<li>Man kann die Poster auch wunderbar kleiner ausdrucken, um jedem Kind ein Exemplar f\u00fcr die Federtasche mitzugeben.<\/li>\n<li>Die Poster lassen sich prima auf farbigem Papier ausdrucken, um noch mehr aufzufallen.<\/li>\n<\/ul>\n<p>Dies ist ein <strong>digitaler Download.<\/strong><\/p>\n<p>Dateiformat: \u00a01 PDF<\/p>\n<p>Alle Cliparts &amp; Fonts: Peanut&#8217;s Peanuts<\/p>\n<p>Je nach Drucker k\u00f6nnen die Farben etwas abweichen.<\/p>\n<p>&nbsp;<\/p>\n<p>&nbsp;<\/p>\n<p><i>Alle digitalen\/downloadbaren Produkte sind nur f\u00fcr den privaten, eigenen Gebrauch bestimmt. Sie d\u00fcrfen nicht weiterverkauft oder f\u00fcr kommerzielle\u00a0Zwecke genutzt werden! Sie sind von Umtausch und von der R\u00fcckgabe ausgeschlossen. Auch d\u00fcrfen sie nicht ver\u00e4ndert werden. Eine Vervielf\u00e4ltigung kann zum privaten Gebrauch erstellt werden. Die Sticker sind ausschlie\u00dflich f\u00fcr die private Nutzung\u00a0innerhalb des Planers zu verwenden. Bei Ver\u00f6ffentlichungen (z.B. in den Sozialen Netzwerken) muss zwingend der Verweis zu Peanut&#8217;s Peanuts angegeben werden.<\/i><\/p>\n","protected":false},"excerpt":{"rendered":"<p>Poster-Set mit dem Klassenmotto &#8220;Wir sind friedlich, freundlich und fair.&#8221; Das Poster kommt \u00a0in Din A4 mit dem Schriftzug &#8220;Wir sind friedlich, [&hellip;]<\/p>\n","protected":false},"featured_media":5530,"comment_status":"open","ping_status":"closed","template":"","meta":[],"product_cat":[240],"product_tag":[],"post_mailing_queue_ids":[],"_links":{"self":[{"href":"https:\/\/peanutspeanuts.de\/index.php?rest_route=\/wp\/v2\/product\/5528"}],"collection":[{"href":"https:\/\/peanutspeanuts.de\/index.php?rest_route=\/wp\/v2\/product"}],"about":[{"href":"https:\/\/peanutspeanuts.de\/index.php?rest_route=\/wp\/v2\/types\/product"}],"replies":[{"embeddable":true,"href":"https:\/\/peanutspeanuts.de\/index.php?rest_route=%2Fwp%2Fv2%2Fcomments&post=5528"}],"wp:featuredmedia":[{"embeddable":true,"href":"https:\/\/peanutspeanuts.de\/index.php?rest_route=\/wp\/v2\/media\/5530"}],"wp:attachment":[{"href":"https:\/\/peanutspeanuts.de\/index.php?rest_route=%2Fwp%2Fv2%2Fmedia&parent=5528"}],"wp:term":[{"taxonomy":"product_cat","embeddable":true,"href":"https:\/\/peanutspeanuts.de\/index.php?rest_route=%2Fwp%2Fv2%2Fproduct_cat&post=5528"},{"taxonomy":"product_tag","embeddable":true,"href":"https:\/\/peanutspeanuts.de\/index.php?rest_route=%2Fwp%2Fv2%2Fproduct_tag&post=5528"}],"curies":[{"name":"wp","href":"https:\/\/api.w.org\/{rel}","templated":true}]}}