{"id":5687,"date":"2022-11-06T11:08:00","date_gmt":"2022-11-06T10:08:00","guid":{"rendered":"https:\/\/peanutspeanuts.de\/?post_type=product&#038;p=5687"},"modified":"2023-02-17T08:48:46","modified_gmt":"2023-02-17T07:48:46","slug":"affirmationskaertchen-fuer-lehrkraefte","status":"publish","type":"product","link":"https:\/\/peanutspeanuts.de\/?product=affirmationskaertchen-fuer-lehrkraefte","title":{"rendered":"Affirmationsk\u00e4rtchen f\u00fcr Lehrkr\u00e4fte"},"content":{"rendered":"<p>Jeder kennt es: Irgendwann ist die Luft raus, die Motivation nicht auffindbar oder der Stress des Alltags l\u00e4sst einen die Gl\u00fccksmomente \u00fcbersehen. In solchen Zeiten k\u00f6nnen Affirmationsk\u00e4rtchen einen daran erinnern, warum man sich f\u00fcr diesen Beruf entschieden hat.<\/p>\n<p>Diese Affirmationsk\u00e4rtchen sind speziell f\u00fcr Lehrkr\u00e4fte entwickelt. Einfach ausdrucken, ausschneiden und sich jeden Tag an das Gute erinnern. Tipp: Die Karten kann man wunderbar auf etwas dickerem Papier ausdrucken &#8211; so halten sie l\u00e4nger.<\/p>\n<div class=\"page\" title=\"Page 1\">\n<div class=\"section\">\n<div class=\"layoutArea\">\n<div class=\"column\">\n<p>In diesem Download sind\u00a07 Din A4 B\u00f6gen mit je 8 Affirmationen enthalten.<\/p>\n<\/div>\n<\/div>\n<\/div>\n<\/div>\n<p>Dies ist ein <strong>digitaler Download.<\/strong><\/p>\n<p>Dateiformat: \u00a01 PDF<\/p>\n<p>Alle Quellenangaben sind im Dokument enthalten.<\/p>\n<p>Je nach Drucker k\u00f6nnen die Farben etwas abweichen. Achte auf die Druckeinstellungen, damit das Dokument nicht an den Seiten abgeschnitten wird.<\/p>\n<p>&nbsp;<\/p>\n<p><i>Alle digitalen\/downloadbaren Produkte sind nur f\u00fcr den privaten, eigenen Gebrauch bestimmt. Sie d\u00fcrfen nicht weiterverkauft oder f\u00fcr kommerzielle\u00a0Zwecke genutzt werden! Sie sind von Umtausch und von der R\u00fcckgabe ausgeschlossen. Auch d\u00fcrfen sie nicht ver\u00e4ndert werden. Eine Vervielf\u00e4ltigung kann zum privaten Gebrauch erstellt werden. Die Sticker sind ausschlie\u00dflich f\u00fcr die private Nutzung\u00a0innerhalb des Planers zu verwenden. Bei Ver\u00f6ffentlichungen (z.B. in den Sozialen Netzwerken) muss zwingend der Verweis zu Peanut&#8217;s Peanuts angegeben werden.<\/i><\/p>\n","protected":false},"excerpt":{"rendered":"<p>Jeder kennt es: Irgendwann ist die Luft raus, die Motivation nicht auffindbar oder der Stress des Alltags l\u00e4sst einen die Gl\u00fccksmomente \u00fcbersehen. [&hellip;]<\/p>\n","protected":false},"featured_media":5700,"comment_status":"open","ping_status":"closed","template":"","meta":[],"product_cat":[240],"product_tag":[259,173,166,177,241,86,225,272],"post_mailing_queue_ids":[],"_links":{"self":[{"href":"https:\/\/peanutspeanuts.de\/index.php?rest_route=\/wp\/v2\/product\/5687"}],"collection":[{"href":"https:\/\/peanutspeanuts.de\/index.php?rest_route=\/wp\/v2\/product"}],"about":[{"href":"https:\/\/peanutspeanuts.de\/index.php?rest_route=\/wp\/v2\/types\/product"}],"replies":[{"embeddable":true,"href":"https:\/\/peanutspeanuts.de\/index.php?rest_route=%2Fwp%2Fv2%2Fcomments&post=5687"}],"wp:featuredmedia":[{"embeddable":true,"href":"https:\/\/peanutspeanuts.de\/index.php?rest_route=\/wp\/v2\/media\/5700"}],"wp:attachment":[{"href":"https:\/\/peanutspeanuts.de\/index.php?rest_route=%2Fwp%2Fv2%2Fmedia&parent=5687"}],"wp:term":[{"taxonomy":"product_cat","embeddable":true,"href":"https:\/\/peanutspeanuts.de\/index.php?rest_route=%2Fwp%2Fv2%2Fproduct_cat&post=5687"},{"taxonomy":"product_tag","embeddable":true,"href":"https:\/\/peanutspeanuts.de\/index.php?rest_route=%2Fwp%2Fv2%2Fproduct_tag&post=5687"}],"curies":[{"name":"wp","href":"https:\/\/api.w.org\/{rel}","templated":true}]}}