{"id":5828,"date":"2023-02-08T10:25:02","date_gmt":"2023-02-08T09:25:02","guid":{"rendered":"https:\/\/peanutspeanuts.de\/?post_type=product&#038;p=5828"},"modified":"2023-02-11T00:00:46","modified_gmt":"2023-02-10T23:00:46","slug":"cliparts-fuer-z-b-geburtskarten","status":"publish","type":"product","link":"https:\/\/peanutspeanuts.de\/?product=cliparts-fuer-z-b-geburtskarten","title":{"rendered":"Cliparts z.B. f\u00fcr Geburtskarten"},"content":{"rendered":"<p>Als ich die Geburtskarten f\u00fcr die Peanut erstellen wollte, fehlten mir ein paar Cliparts. Tadaaa hier sind sie nun.<\/p>\n<p>Dieser Download enth\u00e4lt 14 von mir handgezeichnete Cliparts:<\/p>\n<ul>\n<li>transparente und gef\u00fcllte Uhr<\/li>\n<li>transparenter und gef\u00fcllter Kalender 1<\/li>\n<li>transparenter und gef\u00fcllter Kalender 2<\/li>\n<li>transparentes und gef\u00fclltes Lineal<\/li>\n<li>transparentes und gef\u00fclltes Ma\u00dfband<\/li>\n<li>transparente und gef\u00fcllte Hantel<\/li>\n<li>transparentes und gef\u00fclltes Gewicht.<\/li>\n<\/ul>\n<p>Die dargestellten Fotos dienen als Beispiel und sind nicht im Download enthalten.<\/p>\n<p><i>Alle digitalen\/downloadbaren Produkte sind nur f\u00fcr den privaten, eigenen Gebrauch bestimmt. Sie d\u00fcrfen nicht weiterverkauft oder f\u00fcr kommerzielle\u00a0Zwecke genutzt werden! Sie sind von Umtausch und von der R\u00fcckgabe ausgeschlossen. Auch d\u00fcrfen sie nicht ver\u00e4ndert werden. Eine Vervielf\u00e4ltigung kann zum privaten Gebrauch erstellt werden. Die Sticker sind ausschlie\u00dflich f\u00fcr die private Nutzung\u00a0innerhalb des Planers zu verwenden. Bei Ver\u00f6ffentlichungen (z.B. in den Sozialen Netzwerken) muss zwingend der Verweis zu Peanut&#8217;s Peanuts angegeben werden.<\/i><\/p>\n","protected":false},"excerpt":{"rendered":"<p>Als ich die Geburtskarten f\u00fcr die Peanut erstellen wollte, fehlten mir ein paar Cliparts. Tadaaa hier sind sie nun. Dieser Download enth\u00e4lt [&hellip;]<\/p>\n","protected":false},"featured_media":5827,"comment_status":"open","ping_status":"closed","template":"","meta":[],"product_cat":[258],"product_tag":[259,173,286],"post_mailing_queue_ids":[],"_links":{"self":[{"href":"https:\/\/peanutspeanuts.de\/index.php?rest_route=\/wp\/v2\/product\/5828"}],"collection":[{"href":"https:\/\/peanutspeanuts.de\/index.php?rest_route=\/wp\/v2\/product"}],"about":[{"href":"https:\/\/peanutspeanuts.de\/index.php?rest_route=\/wp\/v2\/types\/product"}],"replies":[{"embeddable":true,"href":"https:\/\/peanutspeanuts.de\/index.php?rest_route=%2Fwp%2Fv2%2Fcomments&post=5828"}],"wp:featuredmedia":[{"embeddable":true,"href":"https:\/\/peanutspeanuts.de\/index.php?rest_route=\/wp\/v2\/media\/5827"}],"wp:attachment":[{"href":"https:\/\/peanutspeanuts.de\/index.php?rest_route=%2Fwp%2Fv2%2Fmedia&parent=5828"}],"wp:term":[{"taxonomy":"product_cat","embeddable":true,"href":"https:\/\/peanutspeanuts.de\/index.php?rest_route=%2Fwp%2Fv2%2Fproduct_cat&post=5828"},{"taxonomy":"product_tag","embeddable":true,"href":"https:\/\/peanutspeanuts.de\/index.php?rest_route=%2Fwp%2Fv2%2Fproduct_tag&post=5828"}],"curies":[{"name":"wp","href":"https:\/\/api.w.org\/{rel}","templated":true}]}}