{"id":6270,"date":"2023-11-10T17:09:16","date_gmt":"2023-11-10T16:09:16","guid":{"rendered":"https:\/\/peanutspeanuts.de\/?post_type=product&#038;p=6270"},"modified":"2025-12-01T00:00:02","modified_gmt":"2025-11-30T23:00:02","slug":"nimm-dir-was-du-brauchst-im-advent","status":"publish","type":"product","link":"https:\/\/peanutspeanuts.de\/?product=nimm-dir-was-du-brauchst-im-advent","title":{"rendered":"Nimm Dir, was Du brauchst im Advent"},"content":{"rendered":"<div class=\"page\" title=\"Page 1\">\n<div class=\"section\">\n<div class=\"layoutArea\">\n<div class=\"column\">\n<p>Dieser Download entha\u0308lt drei verschiedene Layouts von Abreiss- Zetteln mit unterschiedlichen Adventswu\u0308nschen!<\/p>\n<p>Verscho\u0308nere Dein Zuhause, Deinen Arbeitsplatz, Deine Stadt oder Deine Schule!<\/p>\n<p>Einfach ausdrucken und aufha\u0308ngen. Nimm Dir ta\u0308glich, was du brauchst und steck\u2018 Dir diesen kleinen Wunsch in die Hosentasche, Handyhu\u0308lle, Federtasche oder deinen Kalender \u2013 oder verschenke sie.<\/p>\n<\/div>\n<\/div>\n<\/div>\n<\/div>\n<p>Dies ist ein <strong>digitaler Download.<\/strong><\/p>\n<p>Dateiformat: \u00a01 PDF<\/p>\n<p>Alle Quellenangaben sind im Dokument enthalten.<\/p>\n<p>Je nach Drucker k\u00f6nnen die Farben etwas abweichen. Achte auf die Druckeinstellungen, damit das Dokument nicht an den Seiten abgeschnitten wird.<\/p>\n<p>&nbsp;<\/p>\n<p><i>Alle digitalen\/downloadbaren Produkte sind nur f\u00fcr den privaten, eigenen Gebrauch bestimmt. Sie d\u00fcrfen nicht weiterverkauft oder f\u00fcr kommerzielle\u00a0Zwecke genutzt werden! Sie sind von Umtausch und von der R\u00fcckgabe ausgeschlossen. Auch d\u00fcrfen sie nicht ver\u00e4ndert werden. Eine Vervielf\u00e4ltigung kann zum privaten Gebrauch erstellt werden. Die Sticker sind ausschlie\u00dflich f\u00fcr die private Nutzung\u00a0innerhalb des Planers zu verwenden. Bei Ver\u00f6ffentlichungen (z.B. in den Sozialen Netzwerken) muss zwingend der Verweis zu Peanut&#8217;s Peanuts angegeben werden.<\/i><\/p>\n","protected":false},"excerpt":{"rendered":"<p>Dieser Download entha\u0308lt drei verschiedene Layouts von Abreiss- Zetteln mit unterschiedlichen Adventswu\u0308nschen! Verscho\u0308nere Dein Zuhause, Deinen Arbeitsplatz, Deine Stadt oder Deine Schule! [&hellip;]<\/p>\n","protected":false},"featured_media":6276,"comment_status":"open","ping_status":"closed","template":"","meta":[],"product_cat":[240],"product_tag":[259,173,166,177,241,86,287,288,225,272],"post_mailing_queue_ids":[],"_links":{"self":[{"href":"https:\/\/peanutspeanuts.de\/index.php?rest_route=\/wp\/v2\/product\/6270"}],"collection":[{"href":"https:\/\/peanutspeanuts.de\/index.php?rest_route=\/wp\/v2\/product"}],"about":[{"href":"https:\/\/peanutspeanuts.de\/index.php?rest_route=\/wp\/v2\/types\/product"}],"replies":[{"embeddable":true,"href":"https:\/\/peanutspeanuts.de\/index.php?rest_route=%2Fwp%2Fv2%2Fcomments&post=6270"}],"wp:featuredmedia":[{"embeddable":true,"href":"https:\/\/peanutspeanuts.de\/index.php?rest_route=\/wp\/v2\/media\/6276"}],"wp:attachment":[{"href":"https:\/\/peanutspeanuts.de\/index.php?rest_route=%2Fwp%2Fv2%2Fmedia&parent=6270"}],"wp:term":[{"taxonomy":"product_cat","embeddable":true,"href":"https:\/\/peanutspeanuts.de\/index.php?rest_route=%2Fwp%2Fv2%2Fproduct_cat&post=6270"},{"taxonomy":"product_tag","embeddable":true,"href":"https:\/\/peanutspeanuts.de\/index.php?rest_route=%2Fwp%2Fv2%2Fproduct_tag&post=6270"}],"curies":[{"name":"wp","href":"https:\/\/api.w.org\/{rel}","templated":true}]}}