{"id":6377,"date":"2024-02-07T15:59:43","date_gmt":"2024-02-07T14:59:43","guid":{"rendered":"https:\/\/peanutspeanuts.de\/?post_type=product&#038;p=6377"},"modified":"2025-04-26T01:06:45","modified_gmt":"2025-04-25T23:06:45","slug":"meine-klasse-ist-einzigartig","status":"publish","type":"product","link":"https:\/\/peanutspeanuts.de\/?product=meine-klasse-ist-einzigartig","title":{"rendered":"Meine Klasse &#8230; ist einzigartig."},"content":{"rendered":"<div class=\"page\" title=\"Page 1\">\n<div class=\"section\">\n<div class=\"layoutArea\">\n<div class=\"column\">\n<p>Dieser Download enth\u00e4lt ein Klassenposter in drei verschiedenen Farbvarianten in zwei Versionen:<\/p>\n<ul>\n<li>1. Version: Das Poster enth\u00e4lt bereits positive Eigenschaften der Klasse. Es kann ausgedruckt, eingerahmt und aufgeh\u00e4ngt werden. Es ist auch m\u00f6glich, das Poster in Federtaschenformat f\u00fcr die Sch\u00fcler:innen auszudrucken.<\/li>\n<li>2. Version: Jede Farbvariante ist auch als Blankoposter zum gemeinsamen Eintragen mit den\u00a0Sch\u00fcler:innen vorhanden.<\/li>\n<\/ul>\n<p>Dies ist ein <strong>digitaler Download.<\/strong><\/p>\n<\/div>\n<\/div>\n<\/div>\n<\/div>\n<p>Dateiformat: \u00a01 PDF<\/p>\n<p>Alle Cliparts &amp; Fonts: Peanut&#8217;s Peanuts<\/p>\n<p>Weitere Quellenangaben sind im Dokument enthalten.<\/p>\n<p>Je nach Drucker k\u00f6nnen die Farben etwas abweichen.<\/p>\n<p>&nbsp;<\/p>\n<p><i>Alle digitalen\/downloadbaren Produkte sind nur f\u00fcr den privaten, eigenen Gebrauch bestimmt. Sie d\u00fcrfen nicht weiterverkauft oder f\u00fcr kommerzielle\u00a0Zwecke genutzt werden! Sie sind von Umtausch und von der R\u00fcckgabe ausgeschlossen. Auch d\u00fcrfen sie nicht ver\u00e4ndert werden. Eine Vervielf\u00e4ltigung kann zum privaten Gebrauch erstellt werden. Die Sticker sind ausschlie\u00dflich f\u00fcr die private Nutzung\u00a0innerhalb des Planers zu verwenden. Bei Ver\u00f6ffentlichungen (z.B. in den Sozialen Netzwerken) muss zwingend der Verweis zu Peanut&#8217;s Peanuts angegeben werden.<\/i><\/p>\n","protected":false},"excerpt":{"rendered":"<p>Dieser Download enth\u00e4lt ein Klassenposter in drei verschiedenen Farbvarianten in zwei Versionen: 1. Version: Das Poster enth\u00e4lt bereits positive Eigenschaften der Klasse. [&hellip;]<\/p>\n","protected":false},"featured_media":6370,"comment_status":"open","ping_status":"closed","template":"","meta":[],"product_cat":[240],"product_tag":[173,166,289,177,241,225,235],"post_mailing_queue_ids":[],"_links":{"self":[{"href":"https:\/\/peanutspeanuts.de\/index.php?rest_route=\/wp\/v2\/product\/6377"}],"collection":[{"href":"https:\/\/peanutspeanuts.de\/index.php?rest_route=\/wp\/v2\/product"}],"about":[{"href":"https:\/\/peanutspeanuts.de\/index.php?rest_route=\/wp\/v2\/types\/product"}],"replies":[{"embeddable":true,"href":"https:\/\/peanutspeanuts.de\/index.php?rest_route=%2Fwp%2Fv2%2Fcomments&post=6377"}],"wp:featuredmedia":[{"embeddable":true,"href":"https:\/\/peanutspeanuts.de\/index.php?rest_route=\/wp\/v2\/media\/6370"}],"wp:attachment":[{"href":"https:\/\/peanutspeanuts.de\/index.php?rest_route=%2Fwp%2Fv2%2Fmedia&parent=6377"}],"wp:term":[{"taxonomy":"product_cat","embeddable":true,"href":"https:\/\/peanutspeanuts.de\/index.php?rest_route=%2Fwp%2Fv2%2Fproduct_cat&post=6377"},{"taxonomy":"product_tag","embeddable":true,"href":"https:\/\/peanutspeanuts.de\/index.php?rest_route=%2Fwp%2Fv2%2Fproduct_tag&post=6377"}],"curies":[{"name":"wp","href":"https:\/\/api.w.org\/{rel}","templated":true}]}}